18
Suppose -3237 - 4203 + 1902 = -6*c. What is the highest common factor of 143 and c?
13
Suppose 17*n + 182 = 20*n - 2*x, 3*x = 3*n - 189. What is the highest common divisor of 1336 and n?
8
Let k = -226 + 6. Let r = k + 221. What is the highest common divisor of 1 and r?
1
Let o be -3 + (-2 + -10)/((-12)/6). Suppose o*x - 3*q - 516 = 0, -20 = -5*q - 5. Calculate the greatest common divisor of x and 50.
25
Let c be 20 + -56 + 24 + (-264)/(-2). What is the greatest common factor of c and 120?
120
Suppose 11*c - 8 = 9*c. Suppose -2*y - 2*y + c*i + 100 = 0, i + 1 = 0. Let s = 317 + -101. What is the highest common factor of s and y?
24
Let t = -5359 - -5378. What is the highest common factor of 475 and t?
19
Suppose -c - 3 = 51. Let w be (c/(-8))/((-4)/(-32)). Calculate the highest common divisor of 18 and w.
18
Let t be (-14)/(-12) + (-23359)/(-1974). What is the greatest common divisor of 54210 and t?
13
Suppose 4*b = -t + 2*t - 38, -4*t = 2*b - 98. Suppose t = -3*g + 44. Calculate the highest common divisor of g and 14.
2
Let l = -3809 + 3873. Let n(f) = -46*f + 2. Let t be n(-1). What is the greatest common factor of t and l?
16
Let y(j) = 42*j + 30. Let c be y(9). Suppose -54*n + 93*n = 936. Calculate the highest common factor of c and n.
24
Suppose -17*d = -13487 + 13266. Calculate the highest common divisor of 6747 and d.
13
Let m(b) = -3*b + 8. Let a be m(5). Let z(g) = g + 19. Let o be z(a). Suppose -o*c + 120 = -6*c. What is the greatest common factor of 25 and c?
5
Let r be (-4)/46 - (107962/(-529) - 36). Let l(x) = -x**2 + 8*x + 3. Let k be l(6). What is the greatest common factor of r and k?
15
Let o = 15519 - 7059. Calculate the greatest common divisor of 108 and o.
36
Let r(f) = 11*f - 48. Let j be r(5). Suppose 15 = j*d - 48. What is the greatest common factor of 72 and d?
9
Let c be (-29)/2*(1 + -19). Let v = -194 + 151. Let q = v - -72. What is the greatest common divisor of q and c?
29
Let g(j) = -3*j + 11. Let w be g(-6). Suppose -13 = -u - a, -78 = -5*u + 3*a - w. Let b = 71 - u. Calculate the highest common factor of 24 and b.
12
Let i(t) = t**2 - 13*t - 80. Let j be i(-20). Calculate the highest common divisor of 20 and j.
20
Let u = 439 + 526. Let b = u + -955. Calculate the highest common divisor of 10 and b.
10
Suppose 5*b - n - 120 = -6*n, -n = 2*b - 43. Let s be 4/((4/(-36))/((-2)/6)). Suppose s*j - 1344 = 708. What is the greatest common divisor of b and j?
19
Let c be ((-2)/3)/((1435/(-984))/35). Let b(y) = 135*y**3 + 2*y**2 - y. Let n be b(1). What is the highest common divisor of n and c?
8
Suppose 1808 = -4*g + 488. Let n = 335 + g. Calculate the highest common factor of n and 40.
5
Let l be (96/20)/(4/30). Let u(y) = y + 34. Let j be u(39). Let p = 325 - j. What is the greatest common divisor of l and p?
36
Suppose -3*q + 9 = 2*s - 2, 3*s = -q + 6. Let v = s - 0. Calculate the greatest common factor of v and 2.
1
Let f = 1958 - 1718. What is the greatest common factor of f and 272?
16
Suppose -4*r + 3*i + 9 = -r, -3*r - 2*i = 6. Let z be (r + -86)*10/(-20). What is the greatest common divisor of 1333 and z?
43
Let q(y) = 19*y - 24. Let u be q(91). Calculate the greatest common factor of 2480 and u.
155
Let z be (-402)/(-48) + -8 + -1 + 21/8. Suppose -27 = -4*s + s. What is the greatest common divisor of s and z?
1
Suppose -120*p + 55 = 5*k - 124*p, -2*k = -3*p - 36. Let a(v) = -35*v - 7. Let q be a(-5). What is the greatest common factor of k and q?
3
Suppose -2*g - 8 = 384. Let k be -2 + g/(-4) + -3. Let z = k + -43. What is the highest common factor of z and 2?
1
Let y be ((-496)/(-1488))/(1/3). Calculate the highest common factor of 1067 and y.
1
Suppose -8*l = -15*l + 287. Suppose 2*t - 3*y - l = 0, -3*t + y = -y - 54. Let i be t + -8 + 5 + -5. What is the greatest common factor of i and 12?
4
Suppose 13*l - 6032 + 312 = 0. Let k = 18 - -8. Suppose 30*f - k*f - l = 0. Calculate the highest common divisor of f and 22.
22
Suppose -10403*d = -10375*d - 76776. What is the highest common divisor of 24 and d?
6
Suppose 359*s - 89 = 360*s. Let c = 243 + s. Calculate the highest common factor of 22 and c.
22
Let f(p) = 6*p - 114. Let n be f(19). Suppose r + 10*r - 3212 = n. Calculate the greatest common factor of r and 219.
73
Let s(z) = -24*z - 1344. Let c be s(-67). Calculate the highest common divisor of 99 and c.
33
Let a = 107 - 96. Suppose -7*o = -a*o + 8. Let j = -7 + 25. What is the greatest common factor of j and o?
2
Suppose -4*k = 48*q - 44*q - 1648, 4*q - 1608 = k. Calculate the highest common factor of q and 1313.
101
Let f be 15*((-129)/43 - 39/(-1)). What is the greatest common divisor of 440 and f?
20
Suppose 7*m + 799 = -650. Let n be 1948/36 + 23/m. What is the highest common factor of 189 and n?
27
Suppose -5*s + 3855 = 5*z, 5*z + 5*s - 1533 = 3*z. Let c = z - 763. Let l = 21 + -10. Calculate the highest common divisor of l and c.
11
Let u(b) = 35*b**2 - 12*b - 18. Let s be u(-3). What is the highest common factor of s and 18?
9
Let s be (1*(0 - 3/(-6)))/(-1)*-252. What is the greatest common divisor of s and 1064?
14
Suppose -4*l + 39 = -5*v - 123, 4*l + v = 126. Calculate the greatest common factor of l and 3377.
11
Let n(c) = -c**3 + 22*c**2 - 39*c - 15. Let s be n(20). Suppose -5*f - 140 = -4*j, 4*f - 158 = -s*j + 58. What is the greatest common divisor of 80 and j?
40
Let h(j) = j**3 - 22*j**2 + 3*j + 427. Let g be h(21). Calculate the greatest common divisor of 3234 and g.
49
Let v = 28676 + -27884. Calculate the greatest common factor of v and 297.
99
Let f = 5056 - 5038. What is the highest common factor of f and 9162?
18
Suppose -4*o - 4 - 12 = 0. Let l be -1 + (9 - 63)*o/3. Let h = -70 + l. Calculate the greatest common divisor of h and 2.
1
Let u = 860 + 1183. Calculate the greatest common factor of u and 9.
9
Let y be 6/(252/35) - (4 + (-4747)/6). What is the highest common divisor of y and 5319?
197
Suppose -6*z + 298 = -5*m, -5*m - 250 = 13*z - 18*z. Suppose 0 = 2*l - 2*t - 24, 0 = 4*l + 2*t + 32 - 80. Calculate the highest common divisor of z and l.
12
Suppose -2*x + 11*x = 0. Suppose 3*s = 4*m - 0*m - 9, x = s - 5*m + 14. Suppose -7 = -n + s. What is the highest common factor of n and 32?
8
Let g(n) = n. Let i(j) = -9*j**2 + 24*j - 26. Let q(k) = 6*g(k) - i(k). Let a be q(7). Calculate the greatest common factor of 31 and a.
31
Suppose -c = -3*x - 51, 2*c = 4*x - 0*x + 100. Let l = c - 43. Suppose 2*w = 3*w - 20. What is the greatest common divisor of l and w?
5
Let x(p) = p**2 + 13*p + 144. Let d be x(-13). What is the greatest common factor of d and 141?
3
Let z be (14/(-4))/(36975/(-2310) + 16). Calculate the highest common divisor of z and 98.
49
Suppose -9*x - 163 = -739. Suppose 72*l - 8 = x*l. Let d be (-16)/(-7) - 4/14. Calculate the highest common divisor of l and d.
1
Let b(y) = y + 1. Let m(j) = 3. Let v(g) = b(g) - m(g). Let o(p) = 7*p + 111. Let l be o(-15). Let a be v(l). What is the greatest common factor of a and 20?
4
Suppose 2*c + 5*h = -0*c + 23, -47 = -3*c - 5*h. Suppose 289*x - 402*x + 226 = 0. What is the highest common factor of x and c?
2
Let n be (-13761)/(-54) + 15 + 2/12. What is the greatest common factor of 80 and n?
10
Let j be 2/(-3) + (-2)/(-3). Suppose 5*b - 2*b - 216 = j. Let w = 99 - 75. Calculate the highest common divisor of b and w.
24
Let q = -350 - -351. Let b(w) = 22*w**3 + 2*w**2 - 10*w + 9. Let x be b(q). Calculate the greatest common factor of x and 621.
23
Let p = -498 - -606. Suppose -29 + 839 = 3*l. Calculate the highest common divisor of p and l.
54
Let b(y) = -4*y**3 - 12*y**2 - 31*y - 221. Let i be b(-7). What is the highest common divisor of i and 3588?
156
Suppose -49*y - 47*y + 406944 = 0. Calculate the greatest common divisor of 27 and y.
27
Let d be ((-9240)/(-9))/(25/75). Calculate the greatest common factor of d and 231.
77
Let h = -331 - -351. Suppose 22*q = h*q + 36. Suppose 0 = 3*c + 12, 3*s + 5*c - 100 = -2*s. What is the highest common factor of q and s?
6
Suppose 2706 = 2*f + 1670 - 3478. What is the greatest common divisor of f and 122?
61
Let a be ((-236)/(-10))/(5/(-11 - -36)). Calculate the greatest common factor of 944 and a.
118
Suppose 0*w + w + 10*w = 0. Suppose w = o - 7*q + 3*q - 350, -o + 340 = q. What i